{"id":546,"date":"2025-01-08T17:53:59","date_gmt":"2025-01-08T17:53:59","guid":{"rendered":"https:\/\/tobroxwood.ee\/?page_id=546"},"modified":"2026-03-09T11:31:27","modified_gmt":"2026-03-09T11:31:27","slug":"saematerjal","status":"publish","type":"page","link":"https:\/\/tobroxwood.ee\/?page_id=546","title":{"rendered":"Saematerjal"},"content":{"rendered":"\t\t<div data-elementor-type=\"wp-page\" data-elementor-id=\"546\" class=\"elementor elementor-546\">\n\t\t\t\t<div class=\"elementor-element elementor-element-1ef19c7 e-flex e-con-boxed e-con e-parent\" data-id=\"1ef19c7\" data-element_type=\"container\">\n\t\t\t\t\t<div class=\"e-con-inner\">\n\t\t<div class=\"elementor-element elementor-element-2923628 e-con-full e-flex e-con e-child\" data-id=\"2923628\" data-element_type=\"container\">\n\t\t\t\t<div class=\"elementor-element elementor-element-2ee7362 elementor-widget__width-inherit elementor-hidden-tablet elementor-hidden-mobile elementor-widget elementor-widget-image\" data-id=\"2ee7362\" data-element_type=\"widget\" data-widget_type=\"image.default\">\n\t\t\t\t<div class=\"elementor-widget-container\">\n\t\t\t\t\t\t\t\t\t\t\t\t\t\t\t<img fetchpriority=\"high\" decoding=\"async\" width=\"683\" height=\"1024\" src=\"https:\/\/tobroxwood.ee\/wp-content\/uploads\/2025\/01\/person-working-wood-working-industry-factory-1-683x1024.jpg\" class=\"attachment-large size-large wp-image-1346\" alt=\"\" srcset=\"https:\/\/tobroxwood.ee\/wp-content\/uploads\/2025\/01\/person-working-wood-working-industry-factory-1-683x1024.jpg 683w, https:\/\/tobroxwood.ee\/wp-content\/uploads\/2025\/01\/person-working-wood-working-industry-factory-1-200x300.jpg 200w, https:\/\/tobroxwood.ee\/wp-content\/uploads\/2025\/01\/person-working-wood-working-industry-factory-1-768x1152.jpg 768w, https:\/\/tobroxwood.ee\/wp-content\/uploads\/2025\/01\/person-working-wood-working-industry-factory-1-1024x1536.jpg 1024w, https:\/\/tobroxwood.ee\/wp-content\/uploads\/2025\/01\/person-working-wood-working-industry-factory-1-1365x2048.jpg 1365w, https:\/\/tobroxwood.ee\/wp-content\/uploads\/2025\/01\/person-working-wood-working-industry-factory-1-scaled.jpg 1707w\" sizes=\"(max-width: 683px) 100vw, 683px\" \/>\t\t\t\t\t\t\t\t\t\t\t\t\t\t\t<\/div>\n\t\t\t\t<\/div>\n\t\t\t\t<div class=\"elementor-element elementor-element-7adcd59 elementor-widget elementor-widget-heading\" data-id=\"7adcd59\" data-element_type=\"widget\" data-widget_type=\"heading.default\">\n\t\t\t\t<div class=\"elementor-widget-container\">\n\t\t\t\t\t<h1 class=\"elementor-heading-title elementor-size-default\">Saematerjali\ntootmine ja m\u00fc\u00fck<\/h1>\t\t\t\t<\/div>\n\t\t\t\t<\/div>\n\t\t\t\t<div class=\"elementor-element elementor-element-263962a elementor-widget elementor-widget-text-editor\" data-id=\"263962a\" data-element_type=\"widget\" data-widget_type=\"text-editor.default\">\n\t\t\t\t<div class=\"elementor-widget-container\">\n\t\t\t\t\t\t\t\t\t<p>Pakume saematerjali <strong>V\u00f5rumaal, P\u00f5lvamaal\u00a0<\/strong><strong>ja \u00fcle Eesti<\/strong><strong style=\"font-style: inherit;\">.<\/strong><\/p>\t\t\t\t\t\t\t\t<\/div>\n\t\t\t\t<\/div>\n\t\t\t\t<div class=\"elementor-element elementor-element-4b64d6c elementor-widget elementor-widget-text-editor\" data-id=\"4b64d6c\" data-element_type=\"widget\" data-widget_type=\"text-editor.default\">\n\t\t\t\t<div class=\"elementor-widget-container\">\n\t\t\t\t\t\t\t\t\t<p>Saematerjali pikkuse ja laiuse kohta palume teha p\u00e4ring vastavalt oma vajadustele. On v\u00f5imalus toota materjali eritellimusel &#8211; l\u00f5ikame m\u00f5\u00f5tu kuni 9 m palki.<\/p><p>L\u00f5ikamiseks kasutame uut &#8220;Slidetec&#8221; ketassaeraami, mis tagab t\u00e4pse l\u00f5ike ja kvaliteetse materjali.<\/p><p>Saematerjali toodame j\u00e4rgmistest puuliikidest: m\u00e4nd, kuusk, kask, lepp, mis on saadaval kuiva kui m\u00e4rjana.<\/p><p><strong>Pakume transporti.<\/strong><\/p>\t\t\t\t\t\t\t\t<\/div>\n\t\t\t\t<\/div>\n\t\t\t\t<div class=\"elementor-element elementor-element-64df2df elementor-widget__width-inherit elementor-hidden-desktop elementor-widget elementor-widget-image\" data-id=\"64df2df\" data-element_type=\"widget\" data-widget_type=\"image.default\">\n\t\t\t\t<div class=\"elementor-widget-container\">\n\t\t\t\t\t\t\t\t\t\t\t\t\t\t\t<img fetchpriority=\"high\" decoding=\"async\" width=\"683\" height=\"1024\" src=\"https:\/\/tobroxwood.ee\/wp-content\/uploads\/2025\/01\/person-working-wood-working-industry-factory-1-683x1024.jpg\" class=\"attachment-large size-large wp-image-1346\" alt=\"\" srcset=\"https:\/\/tobroxwood.ee\/wp-content\/uploads\/2025\/01\/person-working-wood-working-industry-factory-1-683x1024.jpg 683w, https:\/\/tobroxwood.ee\/wp-content\/uploads\/2025\/01\/person-working-wood-working-industry-factory-1-200x300.jpg 200w, https:\/\/tobroxwood.ee\/wp-content\/uploads\/2025\/01\/person-working-wood-working-industry-factory-1-768x1152.jpg 768w, https:\/\/tobroxwood.ee\/wp-content\/uploads\/2025\/01\/person-working-wood-working-industry-factory-1-1024x1536.jpg 1024w, https:\/\/tobroxwood.ee\/wp-content\/uploads\/2025\/01\/person-working-wood-working-industry-factory-1-1365x2048.jpg 1365w, https:\/\/tobroxwood.ee\/wp-content\/uploads\/2025\/01\/person-working-wood-working-industry-factory-1-scaled.jpg 1707w\" sizes=\"(max-width: 683px) 100vw, 683px\" \/>\t\t\t\t\t\t\t\t\t\t\t\t\t\t\t<\/div>\n\t\t\t\t<\/div>\n\t\t\t\t<\/div>\n\t\t<div class=\"elementor-element elementor-element-881db72 e-con-full e-flex e-con e-child\" data-id=\"881db72\" data-element_type=\"container\">\n\t\t<div class=\"elementor-element elementor-element-ab45e84 e-con-full e-flex e-con e-child\" data-id=\"ab45e84\" data-element_type=\"container\" id=\"saematerjal_bcg\" data-settings=\"{&quot;background_background&quot;:&quot;classic&quot;}\">\n\t\t<div class=\"elementor-element elementor-element-dce60df e-con-full e-flex e-con e-child\" data-id=\"dce60df\" data-element_type=\"container\">\n\t\t\t\t<div class=\"elementor-element elementor-element-9ecff8a elementor-widget elementor-widget-heading\" data-id=\"9ecff8a\" data-element_type=\"widget\" data-widget_type=\"heading.default\">\n\t\t\t\t<div class=\"elementor-widget-container\">\n\t\t\t\t\t<h1 class=\"elementor-heading-title elementor-size-default\">Telli saematerjal, tee p\u00e4ring<\/h1>\t\t\t\t<\/div>\n\t\t\t\t<\/div>\n\t\t\t\t<div class=\"elementor-element elementor-element-d89f4c8 elementor-widget elementor-widget-text-editor\" data-id=\"d89f4c8\" data-element_type=\"widget\" data-widget_type=\"text-editor.default\">\n\t\t\t\t<div class=\"elementor-widget-container\">\n\t\t\t\t\t\t\t\t\t\n<div class=\"wpcf7 no-js\" id=\"wpcf7-f680-o1\" lang=\"en-US\" dir=\"ltr\" data-wpcf7-id=\"680\">\n<div class=\"screen-reader-response\"><p role=\"status\" aria-live=\"polite\" aria-atomic=\"true\"><\/p> <ul><\/ul><\/div>\n<form action=\"\/index.php?rest_route=%2Fwp%2Fv2%2Fpages%2F546#wpcf7-f680-o1\" method=\"post\" class=\"wpcf7-form init\" aria-label=\"Contact form\" novalidate=\"novalidate\" data-status=\"init\">\n<div style=\"display: none;\">\n<input type=\"hidden\" name=\"_wpcf7\" value=\"680\" \/>\n<input type=\"hidden\" name=\"_wpcf7_version\" value=\"6.0.2\" \/>\n<input type=\"hidden\" name=\"_wpcf7_locale\" value=\"en_US\" \/>\n<input type=\"hidden\" name=\"_wpcf7_unit_tag\" value=\"wpcf7-f680-o1\" \/>\n<input type=\"hidden\" name=\"_wpcf7_container_post\" value=\"0\" \/>\n<input type=\"hidden\" name=\"_wpcf7_posted_data_hash\" value=\"\" \/>\n<input type=\"hidden\" name=\"_wpcf7_recaptcha_response\" value=\"\" \/>\n<\/div>\n<p><span class=\"wpcf7-form-control-wrap\" data-name=\"your-name\"><input size=\"40\" maxlength=\"400\" class=\"wpcf7-form-control wpcf7-text wpcf7-validates-as-required\" autocomplete=\"name\" aria-required=\"true\" aria-invalid=\"false\" placeholder=\"Nimi*\" value=\"\" type=\"text\" name=\"your-name\" \/><\/span>\n<\/p>\n<p><span class=\"wpcf7-form-control-wrap\" data-name=\"your-email\"><input size=\"40\" maxlength=\"400\" class=\"wpcf7-form-control wpcf7-email wpcf7-validates-as-required wpcf7-text wpcf7-validates-as-email\" autocomplete=\"email\" aria-required=\"true\" aria-invalid=\"false\" placeholder=\"Email* ja Telefon\" value=\"\" type=\"email\" name=\"your-email\" \/><\/span>\n<\/p>\n<p><span class=\"wpcf7-form-control-wrap\" data-name=\"your-subject\"><input size=\"40\" maxlength=\"400\" class=\"wpcf7-form-control wpcf7-text wpcf7-validates-as-required\" aria-required=\"true\" aria-invalid=\"false\" placeholder=\"Teema*\" value=\"\" type=\"text\" name=\"your-subject\" \/><\/span>\n<\/p>\n<p><span class=\"wpcf7-form-control-wrap\" data-name=\"your-message\"><textarea cols=\"40\" rows=\"8\" maxlength=\"2000\" class=\"wpcf7-form-control wpcf7-textarea wpcf7-validates-as-required\" aria-required=\"true\" aria-invalid=\"false\" placeholder=\"Teade*\" name=\"your-message\"><\/textarea><\/span>\n<\/p>\n<p><input class=\"wpcf7-form-control wpcf7-submit has-spinner\" type=\"submit\" value=\"Saada\" \/>\n<\/p><div class=\"wpcf7-response-output\" aria-hidden=\"true\"><\/div>\n<\/form>\n<\/div>\n\t\t\t\t\t\t\t\t<\/div>\n\t\t\t\t<\/div>\n\t\t<div class=\"elementor-element elementor-element-c1b858e e-con-full e-flex e-con e-child\" data-id=\"c1b858e\" data-element_type=\"container\" data-settings=\"{&quot;background_background&quot;:&quot;classic&quot;}\">\n\t\t<div class=\"elementor-element elementor-element-425adf5 e-con-full e-flex e-con e-child\" data-id=\"425adf5\" data-element_type=\"container\">\n\t\t\t\t<div class=\"elementor-element elementor-element-ae6702d elementor-widget elementor-widget-text-editor\" data-id=\"ae6702d\" data-element_type=\"widget\" data-widget_type=\"text-editor.default\">\n\t\t\t\t<div class=\"elementor-widget-container\">\n\t\t\t\t\t\t\t\t\t<p>\u00a0<img decoding=\"async\" class=\"alignnone wp-image-191\" src=\"https:\/\/tobroxwood.ee\/wp-content\/uploads\/2025\/01\/phone-call-300x300.png\" alt=\"\" width=\"22\" height=\"22\" srcset=\"https:\/\/tobroxwood.ee\/wp-content\/uploads\/2025\/01\/phone-call-300x300.png 300w, https:\/\/tobroxwood.ee\/wp-content\/uploads\/2025\/01\/phone-call-150x150.png 150w, https:\/\/tobroxwood.ee\/wp-content\/uploads\/2025\/01\/phone-call.png 512w\" sizes=\"(max-width: 22px) 100vw, 22px\" \/>\u00a0 \u00a0\u00a0<a href=\"tel:53304845\">53304845<\/a><\/p>\t\t\t\t\t\t\t\t<\/div>\n\t\t\t\t<\/div>\n\t\t\t\t<div class=\"elementor-element elementor-element-75da973 elementor-widget elementor-widget-text-editor\" data-id=\"75da973\" data-element_type=\"widget\" data-widget_type=\"text-editor.default\">\n\t\t\t\t<div class=\"elementor-widget-container\">\n\t\t\t\t\t\t\t\t\t<p>\u00a0<img decoding=\"async\" class=\"wp-image-1014 alignnone\" src=\"https:\/\/tobroxwood.ee\/wp-content\/uploads\/2025\/01\/17667675471535801676-128.png\" alt=\"\" width=\"26\" height=\"26\" \/> \u00a0\u00a0<a href=\"mailto:info@tobroxwood.ee\">info@tobroxwood.ee<\/a><\/p>\t\t\t\t\t\t\t\t<\/div>\n\t\t\t\t<\/div>\n\t\t\t\t<div class=\"elementor-element elementor-element-5b44250 elementor-widget elementor-widget-text-editor\" data-id=\"5b44250\" data-element_type=\"widget\" data-widget_type=\"text-editor.default\">\n\t\t\t\t<div class=\"elementor-widget-container\">\n\t\t\t\t\t\t\t\t\t<div><strong>Tobrokam\u00e4e tn 19, Mikitam\u00e4e k\u00fcla, 64301 Setomaa vald, V\u00f5rumaakond<\/strong><\/div>\t\t\t\t\t\t\t\t<\/div>\n\t\t\t\t<\/div>\n\t\t\t\t<\/div>\n\t\t\t\t<\/div>\n\t\t\t\t<\/div>\n\t\t\t\t<\/div>\n\t\t\t\t<\/div>\n\t\t\t\t\t<\/div>\n\t\t\t\t<\/div>\n\t\t\t\t<\/div>\n\t\t","protected":false},"excerpt":{"rendered":"<p>Saematerjali tootmine ja m\u00fc\u00fck Pakume saematerjali V\u00f5rumaal, P\u00f5lvamaal\u00a0ja \u00fcle Eesti. Saematerjali pikkuse ja laiuse kohta palume teha p\u00e4ring vastavalt oma [&hellip;]<\/p>\n","protected":false},"author":1,"featured_media":0,"parent":0,"menu_order":0,"comment_status":"closed","ping_status":"closed","template":"","meta":{"site-sidebar-layout":"no-sidebar","site-content-layout":"","ast-site-content-layout":"full-width-container","site-content-style":"default","site-sidebar-style":"default","ast-global-header-display":"","ast-banner-title-visibility":"","ast-main-header-display":"","ast-hfb-above-header-display":"","ast-hfb-below-header-display":"","ast-hfb-mobile-header-display":"","site-post-title":"disabled","ast-breadcrumbs-content":"","ast-featured-img":"disabled","footer-sml-layout":"","theme-transparent-header-meta":"","adv-header-id-meta":"","stick-header-meta":"","header-above-stick-meta":"","header-main-stick-meta":"","header-below-stick-meta":"","astra-migrate-meta-layouts":"default","ast-page-background-enabled":"default","ast-page-background-meta":{"desktop":{"background-color":"var(--ast-global-color-5)","background-image":"","background-repeat":"repeat","background-position":"center center","background-size":"auto","background-attachment":"scroll","background-type":"","background-media":"","overlay-type":"","overlay-color":"","overlay-opacity":"","overlay-gradient":""},"tablet":{"background-color":"","background-image":"","background-repeat":"repeat","background-position":"center center","background-size":"auto","background-attachment":"scroll","background-type":"","background-media":"","overlay-type":"","overlay-color":"","overlay-opacity":"","overlay-gradient":""},"mobile":{"background-color":"","background-image":"","background-repeat":"repeat","background-position":"center center","background-size":"auto","background-attachment":"scroll","background-type":"","background-media":"","overlay-type":"","overlay-color":"","overlay-opacity":"","overlay-gradient":""}},"ast-content-background-meta":{"desktop":{"background-color":"var(--ast-global-color-4)","background-image":"","background-repeat":"repeat","background-position":"center center","background-size":"auto","background-attachment":"scroll","background-type":"","background-media":"","overlay-type":"","overlay-color":"","overlay-opacity":"","overlay-gradient":""},"tablet":{"background-color":"var(--ast-global-color-4)","background-image":"","background-repeat":"repeat","background-position":"center center","background-size":"auto","background-attachment":"scroll","background-type":"","background-media":"","overlay-type":"","overlay-color":"","overlay-opacity":"","overlay-gradient":""},"mobile":{"background-color":"var(--ast-global-color-4)","background-image":"","background-repeat":"repeat","background-position":"center center","background-size":"auto","background-attachment":"scroll","background-type":"","background-media":"","overlay-type":"","overlay-color":"","overlay-opacity":"","overlay-gradient":""}},"footnotes":""},"class_list":["post-546","page","type-page","status-publish","hentry"],"aioseo_notices":[],"_links":{"self":[{"href":"https:\/\/tobroxwood.ee\/index.php?rest_route=\/wp\/v2\/pages\/546","targetHints":{"allow":["GET"]}}],"collection":[{"href":"https:\/\/tobroxwood.ee\/index.php?rest_route=\/wp\/v2\/pages"}],"about":[{"href":"https:\/\/tobroxwood.ee\/index.php?rest_route=\/wp\/v2\/types\/page"}],"author":[{"embeddable":true,"href":"https:\/\/tobroxwood.ee\/index.php?rest_route=\/wp\/v2\/users\/1"}],"replies":[{"embeddable":true,"href":"https:\/\/tobroxwood.ee\/index.php?rest_route=%2Fwp%2Fv2%2Fcomments&post=546"}],"version-history":[{"count":399,"href":"https:\/\/tobroxwood.ee\/index.php?rest_route=\/wp\/v2\/pages\/546\/revisions"}],"predecessor-version":[{"id":5122,"href":"https:\/\/tobroxwood.ee\/index.php?rest_route=\/wp\/v2\/pages\/546\/revisions\/5122"}],"wp:attachment":[{"href":"https:\/\/tobroxwood.ee\/index.php?rest_route=%2Fwp%2Fv2%2Fmedia&parent=546"}],"curies":[{"name":"wp","href":"https:\/\/api.w.org\/{rel}","templated":true}]}}