{"id":1585,"date":"2025-01-16T14:04:54","date_gmt":"2025-01-16T14:04:54","guid":{"rendered":"https:\/\/tobroxwood.ee\/?page_id=1585"},"modified":"2026-03-09T11:26:27","modified_gmt":"2026-03-09T11:26:27","slug":"palgiloikus-2","status":"publish","type":"page","link":"https:\/\/tobroxwood.ee\/?page_id=1585","title":{"rendered":"Palgil\u00f5ikus"},"content":{"rendered":"\t\t<div data-elementor-type=\"wp-page\" data-elementor-id=\"1585\" class=\"elementor elementor-1585\">\n\t\t\t\t<div class=\"elementor-element elementor-element-1ef19c7 e-flex e-con-boxed e-con e-parent\" data-id=\"1ef19c7\" data-element_type=\"container\">\n\t\t\t\t\t<div class=\"e-con-inner\">\n\t\t<div class=\"elementor-element elementor-element-5ba70b6 e-con-full e-flex e-con e-child\" data-id=\"5ba70b6\" data-element_type=\"container\">\n\t\t<div class=\"elementor-element elementor-element-4b00461 e-con-full e-flex e-con e-child\" data-id=\"4b00461\" data-element_type=\"container\">\n\t\t<div class=\"elementor-element elementor-element-bced1f5 e-con-full e-flex e-con e-child\" data-id=\"bced1f5\" data-element_type=\"container\">\n\t\t\t\t<div class=\"elementor-element elementor-element-6c620d3 elementor-widget__width-inherit elementor-hidden-tablet elementor-hidden-mobile elementor-widget elementor-widget-image\" data-id=\"6c620d3\" data-element_type=\"widget\" data-widget_type=\"image.default\">\n\t\t\t\t<div class=\"elementor-widget-container\">\n\t\t\t\t\t\t\t\t\t\t\t\t\t\t\t<img fetchpriority=\"high\" decoding=\"async\" width=\"1024\" height=\"810\" src=\"https:\/\/tobroxwood.ee\/wp-content\/uploads\/2025\/03\/Screenshot-2025-03-04-at-13.39.54-1-1024x810.png\" class=\"attachment-large size-large wp-image-2781\" alt=\"\" srcset=\"https:\/\/tobroxwood.ee\/wp-content\/uploads\/2025\/03\/Screenshot-2025-03-04-at-13.39.54-1-1024x810.png 1024w, https:\/\/tobroxwood.ee\/wp-content\/uploads\/2025\/03\/Screenshot-2025-03-04-at-13.39.54-1-300x237.png 300w, https:\/\/tobroxwood.ee\/wp-content\/uploads\/2025\/03\/Screenshot-2025-03-04-at-13.39.54-1-768x608.png 768w, https:\/\/tobroxwood.ee\/wp-content\/uploads\/2025\/03\/Screenshot-2025-03-04-at-13.39.54-1-1536x1216.png 1536w, https:\/\/tobroxwood.ee\/wp-content\/uploads\/2025\/03\/Screenshot-2025-03-04-at-13.39.54-1-2048x1621.png 2048w, https:\/\/tobroxwood.ee\/wp-content\/uploads\/2025\/03\/Screenshot-2025-03-04-at-13.39.54-1-e1741093008487.png 600w\" sizes=\"(max-width: 1024px) 100vw, 1024px\" \/>\t\t\t\t\t\t\t\t\t\t\t\t\t\t\t<\/div>\n\t\t\t\t<\/div>\n\t\t\t\t<div class=\"elementor-element elementor-element-9fa6829 elementor-widget elementor-widget-heading\" data-id=\"9fa6829\" data-element_type=\"widget\" data-widget_type=\"heading.default\">\n\t\t\t\t<div class=\"elementor-widget-container\">\n\t\t\t\t\t<h1 class=\"elementor-heading-title elementor-size-default\">Palgil\u00f5ikuse teenus<\/h1>\t\t\t\t<\/div>\n\t\t\t\t<\/div>\n\t\t\t\t<div class=\"elementor-element elementor-element-f4746a0 elementor-widget elementor-widget-text-editor\" data-id=\"f4746a0\" data-element_type=\"widget\" data-widget_type=\"text-editor.default\">\n\t\t\t\t<div class=\"elementor-widget-container\">\n\t\t\t\t\t\t\t\t\t<p>Tobrox Wood O\u00dc <strong>pakub palgil\u00f5ikuse teenust V\u00f5rumaal ja P\u00f5lvamaal.<\/strong><\/p>\t\t\t\t\t\t\t\t<\/div>\n\t\t\t\t<\/div>\n\t\t\t\t<div class=\"elementor-element elementor-element-a6cb259 elementor-widget elementor-widget-text-editor\" data-id=\"a6cb259\" data-element_type=\"widget\" data-widget_type=\"text-editor.default\">\n\t\t\t\t<div class=\"elementor-widget-container\">\n\t\t\t\t\t\t\t\t\t<p>Marjakastid, kartulikastid, taimekastid, kapsakastid.<br \/>Valmistame puittaarat ja erinevaid puitraame t\u00f6\u00f6stustele vastavalt teie vajadustele ja suurustele.<\/p><p><strong>Pakume transporti.<\/strong><\/p>\t\t\t\t\t\t\t\t<\/div>\n\t\t\t\t<\/div>\n\t\t\t\t<div class=\"elementor-element elementor-element-4a80ac0 elementor-widget__width-inherit elementor-hidden-desktop elementor-widget elementor-widget-image\" data-id=\"4a80ac0\" data-element_type=\"widget\" data-widget_type=\"image.default\">\n\t\t\t\t<div class=\"elementor-widget-container\">\n\t\t\t\t\t\t\t\t\t\t\t\t\t\t\t<img fetchpriority=\"high\" decoding=\"async\" width=\"1024\" height=\"810\" src=\"https:\/\/tobroxwood.ee\/wp-content\/uploads\/2025\/03\/Screenshot-2025-03-04-at-13.39.54-1-1024x810.png\" class=\"attachment-large size-large wp-image-2781\" alt=\"\" srcset=\"https:\/\/tobroxwood.ee\/wp-content\/uploads\/2025\/03\/Screenshot-2025-03-04-at-13.39.54-1-1024x810.png 1024w, https:\/\/tobroxwood.ee\/wp-content\/uploads\/2025\/03\/Screenshot-2025-03-04-at-13.39.54-1-300x237.png 300w, https:\/\/tobroxwood.ee\/wp-content\/uploads\/2025\/03\/Screenshot-2025-03-04-at-13.39.54-1-768x608.png 768w, https:\/\/tobroxwood.ee\/wp-content\/uploads\/2025\/03\/Screenshot-2025-03-04-at-13.39.54-1-1536x1216.png 1536w, https:\/\/tobroxwood.ee\/wp-content\/uploads\/2025\/03\/Screenshot-2025-03-04-at-13.39.54-1-2048x1621.png 2048w, https:\/\/tobroxwood.ee\/wp-content\/uploads\/2025\/03\/Screenshot-2025-03-04-at-13.39.54-1-e1741093008487.png 600w\" sizes=\"(max-width: 1024px) 100vw, 1024px\" \/>\t\t\t\t\t\t\t\t\t\t\t\t\t\t\t<\/div>\n\t\t\t\t<\/div>\n\t\t\t\t<\/div>\n\t\t<div class=\"elementor-element elementor-element-4ebd9e3 e-con-full e-flex e-con e-child\" data-id=\"4ebd9e3\" data-element_type=\"container\">\n\t\t<div class=\"elementor-element elementor-element-934f9ef e-con-full e-flex e-con e-child\" data-id=\"934f9ef\" data-element_type=\"container\" id=\"palgiloikus_bcg\" data-settings=\"{&quot;background_background&quot;:&quot;classic&quot;}\">\n\t\t<div class=\"elementor-element elementor-element-9ac6708 e-con-full e-flex e-con e-child\" data-id=\"9ac6708\" data-element_type=\"container\">\n\t\t\t\t<div class=\"elementor-element elementor-element-f7324df elementor-widget elementor-widget-heading\" data-id=\"f7324df\" data-element_type=\"widget\" data-widget_type=\"heading.default\">\n\t\t\t\t<div class=\"elementor-widget-container\">\n\t\t\t\t\t<h1 class=\"elementor-heading-title elementor-size-default\">Telli palgil\u00f5ikust, koosta p\u00e4ring<\/h1>\t\t\t\t<\/div>\n\t\t\t\t<\/div>\n\t\t\t\t<div class=\"elementor-element elementor-element-0fe656c elementor-widget elementor-widget-text-editor\" data-id=\"0fe656c\" data-element_type=\"widget\" data-widget_type=\"text-editor.default\">\n\t\t\t\t<div class=\"elementor-widget-container\">\n\t\t\t\t\t\t\t\t\t\n<div class=\"wpcf7 no-js\" id=\"wpcf7-f680-o1\" lang=\"en-US\" dir=\"ltr\" data-wpcf7-id=\"680\">\n<div class=\"screen-reader-response\"><p role=\"status\" aria-live=\"polite\" aria-atomic=\"true\"><\/p> <ul><\/ul><\/div>\n<form action=\"\/index.php?rest_route=%2Fwp%2Fv2%2Fpages%2F1585#wpcf7-f680-o1\" method=\"post\" class=\"wpcf7-form init\" aria-label=\"Contact form\" novalidate=\"novalidate\" data-status=\"init\">\n<div style=\"display: none;\">\n<input type=\"hidden\" name=\"_wpcf7\" value=\"680\" \/>\n<input type=\"hidden\" name=\"_wpcf7_version\" value=\"6.0.2\" \/>\n<input type=\"hidden\" name=\"_wpcf7_locale\" value=\"en_US\" \/>\n<input type=\"hidden\" name=\"_wpcf7_unit_tag\" value=\"wpcf7-f680-o1\" \/>\n<input type=\"hidden\" name=\"_wpcf7_container_post\" value=\"0\" \/>\n<input type=\"hidden\" name=\"_wpcf7_posted_data_hash\" value=\"\" \/>\n<input type=\"hidden\" name=\"_wpcf7_recaptcha_response\" value=\"\" \/>\n<\/div>\n<p><span class=\"wpcf7-form-control-wrap\" data-name=\"your-name\"><input size=\"40\" maxlength=\"400\" class=\"wpcf7-form-control wpcf7-text wpcf7-validates-as-required\" autocomplete=\"name\" aria-required=\"true\" aria-invalid=\"false\" placeholder=\"Nimi*\" value=\"\" type=\"text\" name=\"your-name\" \/><\/span>\n<\/p>\n<p><span class=\"wpcf7-form-control-wrap\" data-name=\"your-email\"><input size=\"40\" maxlength=\"400\" class=\"wpcf7-form-control wpcf7-email wpcf7-validates-as-required wpcf7-text wpcf7-validates-as-email\" autocomplete=\"email\" aria-required=\"true\" aria-invalid=\"false\" placeholder=\"Email* ja Telefon\" value=\"\" type=\"email\" name=\"your-email\" \/><\/span>\n<\/p>\n<p><span class=\"wpcf7-form-control-wrap\" data-name=\"your-subject\"><input size=\"40\" maxlength=\"400\" class=\"wpcf7-form-control wpcf7-text wpcf7-validates-as-required\" aria-required=\"true\" aria-invalid=\"false\" placeholder=\"Teema*\" value=\"\" type=\"text\" name=\"your-subject\" \/><\/span>\n<\/p>\n<p><span class=\"wpcf7-form-control-wrap\" data-name=\"your-message\"><textarea cols=\"40\" rows=\"8\" maxlength=\"2000\" class=\"wpcf7-form-control wpcf7-textarea wpcf7-validates-as-required\" aria-required=\"true\" aria-invalid=\"false\" placeholder=\"Teade*\" name=\"your-message\"><\/textarea><\/span>\n<\/p>\n<p><input class=\"wpcf7-form-control wpcf7-submit has-spinner\" type=\"submit\" value=\"Saada\" \/>\n<\/p><div class=\"wpcf7-response-output\" aria-hidden=\"true\"><\/div>\n<\/form>\n<\/div>\n\t\t\t\t\t\t\t\t<\/div>\n\t\t\t\t<\/div>\n\t\t<div class=\"elementor-element elementor-element-240e03b e-con-full e-flex e-con e-child\" data-id=\"240e03b\" data-element_type=\"container\" data-settings=\"{&quot;background_background&quot;:&quot;classic&quot;}\">\n\t\t<div class=\"elementor-element elementor-element-8ab3594 e-con-full e-flex e-con e-child\" data-id=\"8ab3594\" data-element_type=\"container\">\n\t\t\t\t<div class=\"elementor-element elementor-element-898bba4 elementor-widget elementor-widget-text-editor\" data-id=\"898bba4\" data-element_type=\"widget\" data-widget_type=\"text-editor.default\">\n\t\t\t\t<div class=\"elementor-widget-container\">\n\t\t\t\t\t\t\t\t\t<p>\u00a0<img decoding=\"async\" class=\"alignnone wp-image-191\" src=\"https:\/\/tobroxwood.ee\/wp-content\/uploads\/2025\/01\/phone-call-300x300.png\" alt=\"\" width=\"22\" height=\"22\" srcset=\"https:\/\/tobroxwood.ee\/wp-content\/uploads\/2025\/01\/phone-call-300x300.png 300w, https:\/\/tobroxwood.ee\/wp-content\/uploads\/2025\/01\/phone-call-150x150.png 150w, https:\/\/tobroxwood.ee\/wp-content\/uploads\/2025\/01\/phone-call.png 512w\" sizes=\"(max-width: 22px) 100vw, 22px\" \/>\u00a0 \u00a0\u00a0<a href=\"tel:53304845\">53304845<\/a><\/p>\t\t\t\t\t\t\t\t<\/div>\n\t\t\t\t<\/div>\n\t\t\t\t<div class=\"elementor-element elementor-element-a207174 elementor-widget elementor-widget-text-editor\" data-id=\"a207174\" data-element_type=\"widget\" data-widget_type=\"text-editor.default\">\n\t\t\t\t<div class=\"elementor-widget-container\">\n\t\t\t\t\t\t\t\t\t<p>\u00a0<img decoding=\"async\" class=\"wp-image-1014 alignnone\" src=\"https:\/\/tobroxwood.ee\/wp-content\/uploads\/2025\/01\/17667675471535801676-128.png\" alt=\"\" width=\"26\" height=\"26\" \/> \u00a0\u00a0<a href=\"mailto:info@tobroxwood.ee\">info@tobroxwood.ee<\/a><\/p>\t\t\t\t\t\t\t\t<\/div>\n\t\t\t\t<\/div>\n\t\t\t\t<div class=\"elementor-element elementor-element-6bd3a08 elementor-widget elementor-widget-text-editor\" data-id=\"6bd3a08\" data-element_type=\"widget\" data-widget_type=\"text-editor.default\">\n\t\t\t\t<div class=\"elementor-widget-container\">\n\t\t\t\t\t\t\t\t\t<div><strong>Tobrokam\u00e4e tn 19, Mikitam\u00e4e k\u00fcla, 64301 Setomaa vald, V\u00f5rumaakond<\/strong><\/div>\t\t\t\t\t\t\t\t<\/div>\n\t\t\t\t<\/div>\n\t\t\t\t<\/div>\n\t\t\t\t<\/div>\n\t\t\t\t<\/div>\n\t\t\t\t<\/div>\n\t\t\t\t<\/div>\n\t\t\t\t<\/div>\n\t\t\t\t<\/div>\n\t\t\t\t\t<\/div>\n\t\t\t\t<\/div>\n\t\t\t\t<\/div>\n\t\t","protected":false},"excerpt":{"rendered":"<p>Palgil\u00f5ikuse teenus Tobrox Wood O\u00dc pakub palgil\u00f5ikuse teenust V\u00f5rumaal ja P\u00f5lvamaal. Marjakastid, kartulikastid, taimekastid, kapsakastid.Valmistame puittaarat ja erinevaid puitraame t\u00f6\u00f6stustele [&hellip;]<\/p>\n","protected":false},"author":1,"featured_media":0,"parent":0,"menu_order":0,"comment_status":"closed","ping_status":"closed","template":"","meta":{"site-sidebar-layout":"no-sidebar","site-content-layout":"","ast-site-content-layout":"full-width-container","site-content-style":"default","site-sidebar-style":"default","ast-global-header-display":"","ast-banner-title-visibility":"","ast-main-header-display":"","ast-hfb-above-header-display":"","ast-hfb-below-header-display":"","ast-hfb-mobile-header-display":"","site-post-title":"disabled","ast-breadcrumbs-content":"","ast-featured-img":"disabled","footer-sml-layout":"","theme-transparent-header-meta":"","adv-header-id-meta":"","stick-header-meta":"","header-above-stick-meta":"","header-main-stick-meta":"","header-below-stick-meta":"","astra-migrate-meta-layouts":"default","ast-page-background-enabled":"default","ast-page-background-meta":{"desktop":{"background-color":"var(--ast-global-color-5)","background-image":"","background-repeat":"repeat","background-position":"center center","background-size":"auto","background-attachment":"scroll","background-type":"","background-media":"","overlay-type":"","overlay-color":"","overlay-opacity":"","overlay-gradient":""},"tablet":{"background-color":"","background-image":"","background-repeat":"repeat","background-position":"center center","background-size":"auto","background-attachment":"scroll","background-type":"","background-media":"","overlay-type":"","overlay-color":"","overlay-opacity":"","overlay-gradient":""},"mobile":{"background-color":"","background-image":"","background-repeat":"repeat","background-position":"center center","background-size":"auto","background-attachment":"scroll","background-type":"","background-media":"","overlay-type":"","overlay-color":"","overlay-opacity":"","overlay-gradient":""}},"ast-content-background-meta":{"desktop":{"background-color":"var(--ast-global-color-4)","background-image":"","background-repeat":"repeat","background-position":"center center","background-size":"auto","background-attachment":"scroll","background-type":"","background-media":"","overlay-type":"","overlay-color":"","overlay-opacity":"","overlay-gradient":""},"tablet":{"background-color":"var(--ast-global-color-4)","background-image":"","background-repeat":"repeat","background-position":"center center","background-size":"auto","background-attachment":"scroll","background-type":"","background-media":"","overlay-type":"","overlay-color":"","overlay-opacity":"","overlay-gradient":""},"mobile":{"background-color":"var(--ast-global-color-4)","background-image":"","background-repeat":"repeat","background-position":"center center","background-size":"auto","background-attachment":"scroll","background-type":"","background-media":"","overlay-type":"","overlay-color":"","overlay-opacity":"","overlay-gradient":""}},"footnotes":""},"class_list":["post-1585","page","type-page","status-publish","hentry"],"aioseo_notices":[],"_links":{"self":[{"href":"https:\/\/tobroxwood.ee\/index.php?rest_route=\/wp\/v2\/pages\/1585","targetHints":{"allow":["GET"]}}],"collection":[{"href":"https:\/\/tobroxwood.ee\/index.php?rest_route=\/wp\/v2\/pages"}],"about":[{"href":"https:\/\/tobroxwood.ee\/index.php?rest_route=\/wp\/v2\/types\/page"}],"author":[{"embeddable":true,"href":"https:\/\/tobroxwood.ee\/index.php?rest_route=\/wp\/v2\/users\/1"}],"replies":[{"embeddable":true,"href":"https:\/\/tobroxwood.ee\/index.php?rest_route=%2Fwp%2Fv2%2Fcomments&post=1585"}],"version-history":[{"count":169,"href":"https:\/\/tobroxwood.ee\/index.php?rest_route=\/wp\/v2\/pages\/1585\/revisions"}],"predecessor-version":[{"id":5108,"href":"https:\/\/tobroxwood.ee\/index.php?rest_route=\/wp\/v2\/pages\/1585\/revisions\/5108"}],"wp:attachment":[{"href":"https:\/\/tobroxwood.ee\/index.php?rest_route=%2Fwp%2Fv2%2Fmedia&parent=1585"}],"curies":[{"name":"wp","href":"https:\/\/api.w.org\/{rel}","templated":true}]}}